 = -k - 1. Let y(r) = -4*i(r) - q(r). Let o = -9 - -6. Let c be y(o). Calculate the highest common divisor of c and 17.
17
Let d = 52 + -40. Calculate the greatest common divisor of 36 and d.
12
Let y be 2*15/10*5. Calculate the highest common divisor of 30 and y.
15
Suppose 16 = 5*b + 1. Suppose 0 = z - 2*g, 4*g - b*g = -5*z. Suppose 2*o - 31 - 17 = z. Calculate the highest common divisor of 36 and o.
12
Let m = 2 - -2. Let z be m - 1 - (0 + 1). Let u(i) = -3*i - 1. Let k be u(-1). What is the highest common factor of k and z?
2
Let g = 4 + 0. Suppose i = g*i. Suppose i = -4*u - t + 23, -u - 6 = -3*t - 2. Calculate the greatest common divisor of u and 45.
5
Let l(p) = p + 16. Let a be l(-8). Calculate the highest common factor of a and 8.
8
Let b = 58 + -38. What is the highest common divisor of 80 and b?
20
Let o(s) = s**2 + 5*s + 3. Let z be o(-5). Calculate the greatest common factor of 3 and z.
3
Let k be (-6)/(-36) + 581/6. Suppose -38 - k = -5*y. Calculate the highest common divisor of y and 9.
9
Suppose 116*m + 19 = 117*m. What is the highest common factor of m and 133?
19
Suppose 7 = -22*p + 29*p. Calculate the highest common divisor of p and 3.
1
Let i = -7 + 5. Let x be (-4)/i - (4 + -16). What is the greatest common divisor of x and 28?
14
Suppose 2*r - 4 = 0, 0*f - 5*r = f - 33. What is the greatest common factor of f and 207?
23
Suppose 0 = 2*t - 0*t - 6. Suppose -f = 3*d - 8 - 3, 9 = t*d. Suppose 4*u - 5*s + 11 = 75, -f*s + 32 = 2*u. Calculate the highest common divisor of u and 8.
8
Let x be 20/(-6)*(-7 - -1). Let c = -1 + 1. Suppose c*m = 3*m - 15. What is the highest common divisor of m and x?
5
Suppose 4*z = -4*h + 400 - 32, z = 5*h - 430. Let i be 4/(-34) - h/(-17). Calculate the greatest common divisor of i and 25.
5
Suppose 2*r + 2*r - 5*x - 69 = 0, -18 = -3*r - 3*x. What is the greatest common factor of 99 and r?
11
Let r be (1 + -2)*1 - -8. Let h be ((-12)/(-15))/(4/10). Let m = h - 1. Calculate the highest common factor of r and m.
1
Suppose -3*f + 46 = 5*g - 5*f, -5*g = -3*f - 44. Let j be (1 - 2 - 0) + g. Calculate the greatest common divisor of j and 99.
9
Suppose -58 = -3*w + 5*g, w - 3*g - 7 = 15. Let r = w - 2. Let k be (-2)/(-3) + r/6. Calculate the greatest common factor of 27 and k.
3
Suppose 8*h - 384 = 2*h. What is the greatest common factor of 96 and h?
32
Suppose -3*y - 363 = -6*y. Let a be y/1 + 0/(-2). What is the highest common divisor of a and 11?
11
Let s be 25*((5 - 3) + -1). Calculate the greatest common divisor of s and 150.
25
Let h = 1 - 0. Let w(j) be the third derivative of 13*j**5/60 - j**3/6 + 6*j**2. Let z be w(h). What is the greatest common divisor of z and 108?
12
Let y(f) = -4*f + 3. Let r(j) = 5*j - 2. Let q(x) = 4*r(x) + 3*y(x). Let p be q(7). Calculate the highest common factor of p and 38.
19
Let g be 20/(-50) + (-44)/(-10). Suppose 29 = 2*c - 35. What is the greatest common factor of c and g?
4
Let p(r) be the first derivative of 2*r**3/3 - 2*r**2 + r + 3. Let j be p(3). What is the highest common divisor of j and 56?
7
Let f(z) = z**3 + 7*z**2 + 5*z - 6. Let w be f(-6). Suppose w = n - 177 - 408. Suppose -x = -6*x + n. What is the greatest common divisor of x and 13?
13
Let c(a) = a + 7. Let b be c(0). Let s(g) = 2*g**2 - 10*g - 2. Let x be s(b). Let f be (-26)/((4 - 2) + -4). What is the highest common factor of x and f?
13
Let q(r) = -r**2 - 9*r - 9. Let f be q(-5). Calculate the greatest common factor of f and 77.
11
Let r be 24/84 + (-37)/7. Let o = 25 + r. Calculate the highest common factor of o and 160.
20
Suppose -7 = 3*k - 25. Let f be (0 + -1)*(1 - k). What is the greatest common divisor of f and 35?
5
Suppose -10*g + 0*g + 720 = 0. Let w = 59 - 35. Calculate the highest common divisor of w and g.
24
Suppose -5*p + 0 = -40. What is the greatest common divisor of 24 and p?
8
Suppose -6*p = -3*p - 57. Suppose 3*q = p - 1. Let n = 12 - q. What is the highest common divisor of 2 and n?
2
Let d(h) = -11*h. Let i be d(-1). What is the highest common divisor of 11 and i?
11
Let m = 1 - 1. Suppose 0*q + 4*q - 44 = m. What is the greatest common factor of 44 and q?
11
Let i be ((-48)/36)/(4/(-54)). Suppose -2*x - 4 + i = 0. What is the greatest common factor of 1 and x?
1
Let w be 5/5 + 4 + -1. Let g(m) = m - 2. Let k be g(w). Suppose -3*x = k*x - 70. What is the greatest common factor of x and 98?
14
Let c be (-14)/(-3)*(2 - -1). Suppose -2*i - 198 = 28. Let l = i + 239. Calculate the highest common factor of l and c.
14
Let f = -74 + 122. Let n = 20 - 4. Calculate the greatest common factor of n and f.
16
Let f(s) = 78*s - 60. Let g be f(6). What is the highest common factor of g and 51?
51
Let p be (2 + 8/12)/((-8)/(-60)). What is the highest common divisor of 4 and p?
4
Suppose -4*n - 3*h = -1, 0*n = 5*n - 2*h - 30. Let l(j) = 2*j + 12. Let k be l(-4). What is the greatest common divisor of k and n?
4
Let n = 13 - 12. Let p be ((-16)/(-2) + 1)/n. Calculate the greatest common factor of p and 9.
9
Suppose 15 = -4*g + 51. Let v = -10 - -16. What is the greatest common divisor of v and g?
3
Suppose -3*a + 21 = 2*z, -2*z + 20 + 7 = -3*a. Let p be 72 + (1 - (2 + -1)). Calculate the greatest common factor of z and p.
12
Suppose 0 = 2*t, -2*b = -3*t - 1 - 1. Let k = 0 - -3. Let i = k - b. Calculate the highest common factor of 1 and i.
1
Suppose c - 4*i + 0 = 7, 5*i + 5 = c. Let o be (-33)/9 + 4/6. Let n(d) = -35*d. Let q be n(o). Calculate the highest common divisor of q and c.
15
Suppose -4*a + 84 = -3*a. Suppose -b + 3*y = b - 37, 0 = 5*b + 3*y - 124. Let w = b - 11. What is the greatest common factor of w and a?
12
Let z = 23 - 11. Let s = 1032 - 610. Let n be s/7 - (-2)/(-7). Calculate the highest common divisor of n and z.
12
Suppose 6*d = 3*d. Suppose 4*r - 4*x = 72, 46 = 2*r - d*x + 3*x. Let k = 32 - r. What is the greatest common factor of 4 and k?
4
Let y = -2 + 6. Let z(m) = 2*m + 14 + 2 - y - m - m**2. Let j be z(0). What is the highest common factor of j and 3?
3
Let f be (-969)/(-15) + 4/10. What is the greatest common divisor of 13 and f?
13
Let z(x) = 8*x - 10. Let j be z(5). Suppose -d + 4*d - j = 0. Calculate the greatest common divisor of d and 50.
10
Suppose -77 = -i - 6. Let q = i - 36. What is the greatest common factor of q and 14?
7
Suppose u - 270 = -u. Calculate the greatest common factor of u and 27.
27
Let b(a) = -a**2 + 19*a - 32. Let r be b(7). What is the highest common factor of 26 and r?
26
Suppose -2*g + 26 = 2*u, -3 = 2*g - 5. Suppose -4*i = -0 + 24. Let y = 9 + i. Calculate the highest common factor of u and y.
3
Let c be (9 - 10)/((-2)/370). Suppose c - 35 = 5*p. Let h = 25 + -15. What is the highest common divisor of h and p?
10
Let p = 1 - -2. Suppose -3*y + 4*i + p = 0, 4*y - 9 = i + 8. Suppose 0 = y*v - 2*v - 99. Calculate the greatest common factor of v and 22.
11
Let s(r) = 42*r + 2. Let h be s(1). Calculate the highest common divisor of 110 and h.
22
Let d = 3 - 2. Let n(f) = -f**3 - 4*f**2 - 3*f - 5. Suppose -16 = -l - 4*z, l + 0*l + 24 = 4*z. Let r be n(l). Calculate the highest common factor of r and d.
1
Let k(b) = -2*b**2 - 1 + 9 + b**2 + 6*b. Let m be k(6). Let c = 9 + -1. Calculate the highest common factor of m and c.
8
Let c = -26 - -56. Suppose -3 = -z, -c = -3*t - 3*z - 0*z. Suppose l + 5*d - 76 = -l, -2*l = 2*d - 64. Calculate the greatest common factor of l and t.
7
Let n = 13 - 2. What is the greatest common divisor of 44 and n?
11
Suppose -5*h + h + 60 = 0. Calculate the highest common factor of 5 and h.
5
Suppose -5*i - 42 = -167. What is the highest common divisor of 125 and i?
25
Suppose 4*c - 424 = -5*q - 0*q, 171 = 2*q + 3*c. What is the highest common factor of q and 63?
21
Suppose -3*j = n - 0*n - 33, -5*j + 75 = -5*n. Suppose u + 2*u + j = 0. Let k = u + 9. Calculate the highest common divisor of k and 5.
5
Let q(n) = 3*n**2 + 4*n - 4. Let r be q(-4). Let b be (-1 - 1) + 0/2. Let k(w) = -2*w. Let j be k(b). Calculate the highest common factor of r and j.
4
Let g = -7 + 11. Let y be (-5)/((g + -1)/(-9)). Calculate the highest common divisor of 45 and y.
15
Let y = -10 - 11. Let s = y + 53. Calculate the greatest common factor of s and 4.
4
Let p(t) = -2*t + 9. Let i be p(-4). What is the highest common factor of i